ase 6?
211151515
What is 2652618 (base 9) in base 12?
5a02b2
-1681060 (base 9) to base 12
-3934a6
What is 1100110130 (base 4) in base 7?
2540102
11111100111000111000 (base 2) to base 12
41b534
Convert 2351623 (base 7) to base 4.
1020312022
What is -3623106 (base 7) in base 10?
-459675
Convert 13311321231 (base 4) to base 11.
11845aa
-110001001110011100011 (base 2) to base 9
-3027582
Convert -21333203231 (base 4) to base 6.
-132051525
Convert -1433113030 (base 5) to base 16.
-39ffb7
What is 1107932 (base 10) in base 14?
20baa0
What is -7054256 (base 8) in base 4?
-13011202232
Convert -22051325 (base 6) to base 16.
-a1225
Convert -9aa217 (base 12) to base 5.
-1112330220
-567ab5 (base 14) to base 13
-7bc805
What is -2531826 (base 9) in base 3?
-2121001220220
What is 1022212012011 (base 3) in base 12?
2a0557
10111110110110100 (base 2) to base 15
1de46
Convert -41534 (base 13) to base 4.
-130221101
-102332533 (base 6) to base 13
-4b0864
Convert 64022510 (base 8) to base 5.
11443003112
What is 160287 (base 10) in base 7?
1235211
What is -2202101220 (base 3) in base 9?
-82356
-100111001111111111011 (base 2) to base 4
-10321333323
Convert -401374 (base 15) to base 6.
-145105431
2133100214 (base 5) to base 2
10001011110011110111101
Convert -3212032222 (base 4) to base 11.
-59455a
Convert 9699 (base 11) to base 15.
3be3
Convert 516604 (base 7) to base 12.
43474
Convert 102122044 (base 5) to base 4.
1220020130
4033432201 (base 5) to base 15
aa276b
What is -c4548f (base 16) in base 15?
-11e2553
-11830401 (base 9) to base 2
-10110001001101011011010
What is 216361 (base 8) in base 7?
422445
What is 191d8 (base 14) in base 4?
33200022
What is 1122066 (base 7) in base 14?
39036
Convert 3631538 (base 9) to base 3.
10201001121022
Convert -211996a (base 11) to base 15.
-4dab73
Convert -3388a (base 12) to base 16.
-10c2a
-31223520 (base 6) to base 2
-11011101000011101000
-200101222221 (base 3) to base 11
-228234
Convert 420053152 (base 6) to base 10.
7285532
Convert 5101240 (base 7) to base 9.
1122551
What is 131342442 (base 5) in base 15?
cd69c
Convert -130021 (base 6) to base 7.
-46021
Convert -2110413 (base 5) to base 16.
-8924
What is 270845a (base 11) in base 16?
476fcc
-30189 (base 10) to base 3
-1112102010
2301113112 (base 4) to base 15
e53c6
Convert 323888 (base 9) to base 15.
3c38e
Convert -78758 (base 9) to base 8.
-146233
What is -617017 (base 11) in base 4?
-3301301022
What is 24730550 (base 8) in base 7?
64422655
What is 243044320 (base 5) in base 13?
310769
-100001100110101001 (base 2) to base 12
-677a1
-109830 (base 10) to base 13
-3acb6
What is 672059 (base 11) in base 13?
2b6947
Convert 83972 (base 14) to base 4.
1031133300
Convert -2bc33 (base 14) to base 9.
-176070
-5b004 (base 14) to base 13
-7a227
-11011010011110111001100 (base 2) to base 10
-7159244
Convert 7349a (base 11) to base 5.
11411243
Convert 333a (base 16) to base 11.
9942
Convert 746115 (base 11) to base 14.
23120c
What is 34469 (base 13) in base 3?
11211122012
-1314635 (base 7) to base 9
-282142
48d593 (base 14) to base 7
30132143
622a7 (base 11) to base 4
112023303
Convert -4636633 (base 9) to base 3.
-11201020201010
12344244 (base 7) to base 9
2086763
What is 12cb8 (base 15) in base 9?
101572
What is -3bb8b3 (base 16) in base 12?
-1388bab
-ae7034 (base 15) to base 12
-295647a
Convert -46801 (base 13) to base 10.
-128779
Convert 11000001311 (base 4) to base 11.
815940
Convert -377433 (base 9) to base 7.
-1641162
What is -233023310 (base 4) in base 9?
-324102
-11620053 (base 7) to base 2
-11111111100101011010
971061 (base 11) to base 8
5731700
What is -1442214432 (base 5) in base 2?
-1110110000000011110011
-87e78 (base 15) to base 11
-275536
What is -8cfa (base 16) in base 8?
-106372
-101a12 (base 11) to base 12
-7a819
-2012501 (base 6) to base 7
-544420
-1b3230 (base 13) to base 16
-a90d0
-91772 (base 11) to base 15
-29aa1
What is -10110111001101110100 (base 2) in base 6?
-24030152
What is 110030002 (base 4) in base 14?
221c6
What is 341a53 (base 11) in base 9?
1018585
13660201 (base 8) to base 7
35251115
What is -16472120 (base 10) in base 5?
-13204101440
8724a (base 11) to base 13
458c4
What is -15348287 (base 9) in base 11?
-4355317
What is 16641221 (base 8) in base 16?
3b4291
71752 (base 8) to base 9
44631
Convert 1495702 (base 14) to base 2.
100110010011100101000110
ef22 (base 16) to base 9
102870
36029 (base 15) to base 6
3405020
4322211 (base 5) to base 10
73431
Convert -2311303020 (base 4) to base 12.
-2bab20
154104 (base 10) to base 11
a5865
What is 112030200323 (base 4) in base 13?
1289474
36ba (base 15) to base 5
333100
13202032 (base 5) to base 3
20200102000
2bdb5c (base 14) to base 5
343124014
Convert 101100000010100000 (base 2) to base 16.
2c0a0
-101110011110111011001 (base 2) to base 9
-2771341
30182 (base 11) to base 12
2165a
Convert 100212220121120 (base 3) to base 5.
2321103441
-55441412 (base 7) to base 15
-647445
5fdf86 (base 16) to base 5
3102030032
Convert -7004728 (base 10) to base 7.
-113352643
Convert -30540155 (base 7) to base 14.
-4aa765
-223252 (base 7) to base 13
-15028
1010122 (base 7) to base 12
59617
What is 35d40a (base 15) in base 14?
4b0b07
What is -420215010 (base 6) in base 10?
-7296270
7aa5b (base 15) to base 5
44443321
3da10 (base 14) to base 11
a4965
Convert -163041664 (base 7) to base 5.
-10313204133
What is 3243411 (base 5) in base 9?
84860
-430c5 (base 14) to base 8
-474425
What is -110223222020 (base 4) in base 2?
-10100101011101010001000
What is -1b878 (base 14) in base 5?
-4222044
What is -10001010001001111010001 (base 2) in base 10?
-4527057
What is -44a9a2 (base 11) in base 14?
-149583
Convert 3574633 (base 12) to base 9.
21432443
Convert 48b5b3 (base 12) to base 14.
22a5cb
1501c6 (base 14) to base 16
b24a2
-3a1867 (base 11) to base 5
-130210220
What is -8d59b (base 14) in base 7?
-2632154
What is -538a89 (base 16) in base 9?
-11264201
Convert -3606260 (base 7) to base 4.
-1233110303
What is 722553 (base 8) in base 4?
322111223
778c8 (base 13) to base 7
1562064
What is -12541 (base 6) in base 15?
-88d
-1691 (base 15) to base 4
-1023331
What is -110022021012110 (base 3) in base 6?
-352101450
Convert 1189448 (base 10) to base 11.
742717
What is 1110111111111101 (base 2) in base 4?
32333331
What is 12c344 (base 13) in base 16?
6f2ae
-15014501 (base 8) to base 12
-1187a81
Convert -4008c (base 13) to base 12.
-56220
7602141 (base 10) to base 8
34777735
What is 1335310 (base 7) in base 14?
487b0
Convert -8401a (base 11) to base 13.
-43990
Convert -53396 (base 15) to base 8.
-1003602
Convert 66754 (base 8) to base 16.
6dec
-37128 (base 9) to base 2
-110000100111101
What is 226398 (base 10) in base 14?
5c714
What is -3979 (base 16) in base 8?
-34571
Convert 27078 (base 12) to base 10.
53660
1011000110010001 (base 2) to base 12
22381
-10001010111010100010 (base 2) to base 10
-568994
What is -51550312 (base 8) in base 16?
-a6d0ca
-10101001110111111 (base 2) to base 13
-30785
55d5c (base 16) to base 11
220169
What is 14150430 (base 6) in base 4?
1311123102
What is 263373 (base 9) in base 16?
270d8
332200131 (base 4) to base 8
764035
17f41d (base 16) to base 5
400213241
-45bb6 (base 14) to base 7
-1304516
What is 110011011110010010 (base 2) in base 3?
101201012200
-240501 (base 7) to base 10
-43464
Convert 2146053 (base 8) to base 2.
10001100110000101011
Convert 2011000001 (base 3) to base 13.
16327
What is 100000200220 (base 3) in base 8?
532771
What is 16714 (base 16) in base 4?
112130110
11007 (base 10) to base 12
6453
Convert 1110011010111110111010 (base 2) to base 16.
39afba
What is 266a4a9 (base 11) in base 6?
242500031
-2e378c (base 16) to base 6
-144530324
b6a57 (base 13) to base 10
329115
Convert -190014 (base 12) to base 15.
-89067
Convert 112201011122212 (base 3) to base 4.
131310211031
Convert -86db (base 16) to base 4.
-20123123
What is -42361 (base 14) in base 5?
-20103300
What is 16613 (base 11) in base 9?
35043
Convert -1116121 (base 7) to base 15.
-2b2a4
-716551 (base 9) to base 14
-b0adb
What is -1320320132 (base 4) in base 11?
-309002
What is -2e9c22 (base 15) in base 2?
-1000100111111001111111
Convert -374aa (base 12) to base 15.
-1735a
-112011211002 (base 3) to base 5
-32412244
What is 409b6 (base 13) in base 15?
24529